 149412388?
1
What is the millions digit of 33720048?
3
What is the ten thousands digit of 36230754?
3
What is the ten millions digit of 375478868?
7
What is the hundred millions digit of 1947707109?
9
What is the ten thousands digit of 17055243?
5
What is the billions digit of 4907620654?
4
What is the hundred thousands digit of 1210503135?
5
What is the units digit of 53902534?
4
What is the thousands digit of 458826197?
6
What is the tens digit of 886746809?
0
What is the ten thousands digit of 451774003?
7
What is the ten millions digit of 34914298?
3
What is the units digit of 948539284?
4
What is the tens digit of 834286285?
8
What is the hundred thousands digit of 5711543419?
5
What is the units digit of 3279671?
1
What is the units digit of 819563927?
7
What is the thousands digit of 64216654?
6
What is the billions digit of 2750440845?
2
What is the hundred thousands digit of 733615327?
6
What is the thousands digit of 36316786?
6
What is the tens digit of 21570836?
3
What is the ten millions digit of 255053547?
5
What is the tens digit of 2468214525?
2
What is the thousands digit of 5948599127?
9
What is the hundreds digit of 89239676?
6
What is the hundred thousands digit of 2945026941?
0
What is the ten millions digit of 210944941?
1
What is the hundred millions digit of 1986362314?
9
What is the hundred thousands digit of 927023366?
0
What is the hundred millions digit of 2704921980?
7
What is the hundreds digit of 65806364?
3
What is the hundred thousands digit of 24213009?
2
What is the hundred thousands digit of 20297748?
2
What is the thousands digit of 1197134522?
4
What is the ten millions digit of 1103764445?
0
What is the millions digit of 5359214653?
9
What is the hundreds digit of 1204595037?
0
What is the ten millions digit of 31663242?
3
What is the tens digit of 39082910?
1
What is the thousands digit of 79277764?
7
What is the ten millions digit of 13733856?
1
What is the hundred thousands digit of 29683647?
6
What is the hundreds digit of 547453842?
8
What is the billions digit of 3945376374?
3
What is the units digit of 403885537?
7
What is the millions digit of 1582833159?
2
What is the hundred millions digit of 3339520904?
3
What is the hundred millions digit of 222076425?
2
What is the hundred thousands digit of 76240881?
2
What is the hundred millions digit of 155017369?
1
What is the tens digit of 52639008?
0
What is the thousands digit of 514270352?
0
What is the ten thousands digit of 235878210?
7
What is the ten millions digit of 452426004?
5
What is the ten millions digit of 514216827?
1
What is the thousands digit of 2336624257?
4
What is the hundred thousands digit of 954990036?
9
What is the tens digit of 14685828?
2
What is the tens digit of 52727506?
0
What is the millions digit of 1986605800?
6
What is the ten millions digit of 375510943?
7
What is the hundred millions digit of 3106644273?
1
What is the ten millions digit of 439977515?
3
What is the hundreds digit of 12868597?
5
What is the hundred thousands digit of 391175890?
1
What is the hundred thousands digit of 988059055?
0
What is the ten thousands digit of 343858902?
5
What is the units digit of 3753700?
0
What is the millions digit of 44865868?
4
What is the hundred thousands digit of 2675044136?
0
What is the ten millions digit of 13605375?
1
What is the hundred thousands digit of 3605726240?
7
What is the hundreds digit of 92376966?
9
What is the hundred thousands digit of 1903083674?
0
What is the hundred thousands digit of 358692965?
6
What is the millions digit of 35465102?
5
What is the tens digit of 1857683482?
8
What is the units digit of 19698317?
7
What is the units digit of 61297919?
9
What is the units digit of 60981093?
3
What is the ten thousands digit of 146695996?
9
What is the tens digit of 1662845140?
4
What is the thousands digit of 53915689?
5
What is the units digit of 245316549?
9
What is the units digit of 1310822374?
4
What is the tens digit of 30463527?
2
What is the thousands digit of 45442540?
2
What is the hundred thousands digit of 3902219206?
2
What is the ten millions digit of 2117342345?
1
What is the hundred millions digit of 1302788694?
3
What is the millions digit of 26340156?
6
What is the hundreds digit of 1683276602?
6
What is the ten thousands digit of 1399342261?
4
What is the hundred thousands digit of 1647131869?
1
What is the tens digit of 31093561?
6
What is the thousands digit of 81609545?
9
What is the hundred millions digit of 195426370?
1
What is the ten thousands digit of 5375314?
7
What is the hundred thousands digit of 1578587840?
5
What is the hundreds digit of 88818025?
0
What is the ten millions digit of 1111517789?
1
What is the thousands digit of 66341970?
1
What is the hundred millions digit of 713701988?
7
What is the millions digit of 734330920?
4
What is the hundred thousands digit of 3490085148?
0
What is the hundred millions digit of 114641069?
1
What is the hundreds digit of 104874001?
0
What is the tens digit of 59988092?
9
What is the units digit of 1384865492?
2
What is the tens digit of 2741179700?
0
What is the billions digit of 3110775291?
3
What is the hundreds digit of 192305118?
1
What is the millions digit of 2720358?
2
What is the hundreds digit of 15816263?
2
What is the millions digit of 570612473?
0
What is the tens digit of 347640919?
1
What is the tens digit of 13461588?
8
What is the hundred thousands digit of 130919005?
9
What is the ten millions digit of 1113509235?
1
What is the ten millions digit of 240976505?
4
What is the units digit of 240631316?
6
What is the ten thousands digit of 844512467?
1
What is the ten thousands digit of 10401280?
0
What is the hundred thousands digit of 843502416?
5
What is the tens digit of 13766451?
5
What is the units digit of 21360301?
1
What is the billions digit of 1415378786?
1
What is the millions digit of 20179057?
0
What is the units digit of 345166921?
1
What is the millions digit of 99795502?
9
What is the ten millions digit of 73892777?
7
What is the thousands digit of 6832235?
2
What is the hundred thousands digit of 124419797?
4
What is the tens digit of 1052938058?
5
What is the millions digit of 12931330?
2
What is the thousands digit of 4415311492?
1
What is the ten thousands digit of 380934344?
3
What is the ten thousands digit of 260356046?
5
What is the units digit of 199742480?
0
What is the ten millions digit of 175564148?
7
What is the tens digit of 20718635?
3
What is the hundred millions digit of 477628641?
4
What is the tens digit of 36728948?
4
What is the hundreds digit of 17895804?
8
What is the hundred thousands digit of 281350324?
3
What is the ten thousands digit of 204920888?
2
What is the hundred thousands digit of 56081886?
0
What is the hundreds digit of 26617674?
6
What is the hundred millions digit of 210702912?
2
What is the hundreds digit of 334705089?
0
What is the units digit of 133555961?
1
What is the hundred millions digit of 2879018676?
8
What is the ten millions digit of 2969091521?
6
What is the millions digit of 88111793?
8
What is the ten thousands digit of 1130196042?
9
What is the millions digit of 194766389?
4
What is the ten millions digit of 158493252?
5
What is the millions digit of 2378692514?
8
What is the thousands digit of 5293831487?
1
What is the tens digit of 98827139?
3
What is the hundreds digit of 233987658?
6
What is the units digit of 789229277?
7
What is the units digit of 37663867?
7
What is the hundred thousands digit of 191406305?
4
What is the hundreds digit of 2102066094?
0
What is the hundred millions digit of 867467712?
8
What is the billions digit of 4539193070?
4
What is the billions digit of 3219163679?
3
What is the thousands digit of 45188022?
8
What is the hundreds digit of 3379538056?
0
What is the thousands digit of 2106670406?
0
What is the units digit of 11390461?
1
What is the units digit of 1139101106?
6
What is the tens digit of 72306243?
4
What is the units digit of 609763501?
1
What is the units digit of 101643480?
0
What is the millions digit of 23557390?
3
What is the hundred thousands digit of 1144731819?
7
What is the ten millions digit of 3831871590?
3
What is the hundreds digit of 789178274?
2
What is the ten millions digit of 